be f(13). Let k(j) = -2*j**3 + j**2 - j - 1. Give k(h).
-15
Suppose -7*n = -79 - 152. Let x(f) = -1 - n*f + 13*f + 21*f. Determine x(-7).
-8
Let u(a) be the second derivative of a**4/4 + 7*a**3/3 - 7*a**2 + 961*a. Calculate u(1).
3
Suppose 4*o - 4 = 4*t, 4*t = o + 2 + 3. Let d be (1 - 1/(-2)) + t/4. Let s(k) = -k - 4 - 3*k**d + k**3 - 4*k**2 + k**2 + 0*k**2. Give s(6).
-10
Let s(v) = 3*v**2 - 65*v + 357. Let p be s(10). Let x(l) = -l**3 + 4*l**2 + 6*l + 11. Calculate x(p).
-94
Let p(m) be the second derivative of 11*m**3/6 - 9*m**2/2 - 7*m + 10. Give p(3).
24
Let o(r) be the second derivative of 0 - 134*r - 5/3*r**3 - 1/2*r**4 - 1/20*r**5 - 11*r**2. Calculate o(-5).
3
Suppose -42 = -22*g + 106*v - 107*v, 4*g + 4*v = 0. Suppose 2*f + 13 - 3 = 4*a, 2*f + 3*a = 18. Let r(s) = -1 - f*s + s + 3 + s**2. Give r(g).
2
Let d(a) = 2*a**3 - 17*a**2 + 10*a - 16. Let c be ((-3)/4 - -1)/((-39)/(-1248)). Determine d(c).
0
Let o(l) = 5*l + 12. Let i(t) = -4*t - 10. Let q(b) = -3*i(b) - 2*o(b). Determine q(-1).
4
Let i(c) = -8*c**2 - 48*c + 83. Let f(g) = 6*g**2 - g + 1. Let u(r) = f(r) + i(r). Give u(-26).
6
Let o(h) = h**2 + 2*h + 5. Suppose 24*y + 5 = 29*y. Suppose -y + 9 = -4*g + 4*a, 5*a = g + 10. Determine o(g).
5
Suppose -5*d + 2*i - 8 + 11 = 0, -d + 3*i = 2. Let g(s) be the third derivative of 1/12*s**4 + 0 + 0*s - 3*s**2 - 7/60*s**5 - 1/6*s**3. Calculate g(d).
-6
Let c = -274 + 276. Let d(g) = 3 + 2*g - 4*g + 23*g**2 - 15*g**2 - 9*g**c. Give d(-3).
0
Let x(n) = 2*n**2 - 5. Let h be x(2). Suppose 0 = h*w + w + w. Suppose w = -3*c + 2*y - 28, -c - 2 = y - 1. Let t(b) = b**2 + 6*b + 1. Determine t(c).
1
Let y(n) = -n**2 - n + 36. Let x = 25522 - 25515. Calculate y(x).
-20
Let j(k) = -66 + 5*k**2 + 4*k**2 - k**3 + 6*k**2 - 20*k + 5*k**2 + 4*k**2. Calculate j(23).
3
Let f(y) be the first derivative of 0*y + 16 - 1/2*y**2 - 19/3*y**3. Let o be 6/(-3) + -2 - -3. Give f(o).
-18
Suppose 29*z + 20*z = 811 - 223. Let h(k) = -2*k**2 + 26*k - 27. Calculate h(z).
-3
Let h = 1 + -2. Let z be (-3 - 57)*h*(-4)/(-10). Let s(i) = -7*i**2 + 29*i - z*i + i**3 + 0*i**3. What is s(6)?
-6
Let m(o) = -2*o + 8. Suppose -2*v = -105 + 83. Let n be (110/121)/(1/v). Determine m(n).
-12
Let i(d) = -d**3 + 7*d**2 + 6*d + 1. Suppose -95*s = 42*s - 1096. Give i(s).
-15
Let a(u) = -6*u + 35. Let g(l) = 4. Let d(o) = -a(o) + 7*g(o). Calculate d(-9).
-61
Let r(c) = -47*c - 9846 + 2*c**2 - 9820 + 19687 - c**3 + 23*c**2. What is r(23)?
-2
Let q be (21/(-84))/(2379/(-396) + 6). Let f(a) = a**2 - 51*a + 588. Determine f(q).
-6
Let h(p) = -8*p + 187. Let a be h(24). Let r(i) = 3*i - 1. Let g(f) = f**2 + 10*f - 5. Let c(y) = a*r(y) + g(y). Give c(7).
14
Let f(i) = 2*i**3 + 8*i**2 - i**3 - 2*i**3 + 11*i + 321 - 337. Determine f(9).
2
Let u(i) = 17*i**2 - i - 51. Let b(l) = -20*l**2 + 2*l + 51. Let d(p) = -4*b(p) - 5*u(p). Let g(t) = 9*t**2 + 6*t - 94. Let o(y) = 11*d(y) + 6*g(y). Give o(0).
-3
Let u(q) = -q**2 - 3*q - 4. Let h = -25 + 19. Let z(p) = -5 + 5 + 4*p**2 - 5 - 4*p - 5*p**2. Let n(l) = h*z(l) + 7*u(l). What is n(5)?
-8
Let i = -378 - -378. Suppose -a - 17 + 18 = i. Let h(w) = -18*w**3 - w. Determine h(a).
-19
Let p(h) = 51*h**3 - 15*h**2 + 6*h + 14. Let u(g) = 151*g**3 - 41*g**2 + 17*g + 38. Let a(z) = -11*p(z) + 4*u(z). What is a(1)?
44
Let d(h) = 31*h**2 + 23*h + 7. Let o(i) = -121*i**2 - 85*i - 29. Let v(b) = 15*d(b) + 4*o(b). What is v(2)?
-77
Let u(w) = -44*w + 443. Suppose 1021 + 184 = 292*x - 1715. Determine u(x).
3
Suppose -4*s + 8 = -4*k, 9*k - 13*k + 28 = 5*s. Let j(m) = -74*m - s - 74*m + 146*m. Calculate j(3).
-10
Let b(s) = -14*s**2 + 14*s. Suppose 0 = -5*f - 8 - 47. Let o(h) = 5*h**2 - 5*h. Let j(z) = f*o(z) - 4*b(z). Let a be ((-4)/10)/((-3)/15). Calculate j(a).
2
Suppose 4*v = x + 19, 19*x + 25 = 18*x + 5*v. Let p(k) = k**2 + 4*k - 16. Determine p(x).
29
Let s(r) = -r + 18. Let o(h) = -8*h + 40. Let x(k) = -9*k + 38. Let b(f) = -6*o(f) + 5*x(f). Let z(c) = -6*b(c) - 17*s(c). What is z(-5)?
-1
Let h(y) = 3*y**3 - 88*y**2 + 46*y - 121. Let c(a) = 2*a**3 - 57*a**2 + 31*a - 80. Let g(l) = 8*c(l) - 5*h(l). Give g(15).
10
Suppose 5*j + 19 = -2*m + 3*m, 0 = -4*j - 16. Let t(s) be the second derivative of 0 + 43*s + 0*s**3 + 1/2*s**2 + 1/4*s**4. What is t(m)?
4
Let i be (1 - -3) + 1494/(-83). Let w(p) = 9*p + 32. Determine w(i).
-94
Let g(x) = x**3 + x**2. Let i(a) = -a**3 - 6*a**2 + a - 5. Let d(l) = 2*g(l) + i(l). What is d(3)?
-11
Let s(y) = 4254 + 0*y**3 + 20*y**2 + 34*y - y**3 - 6*y**3 - 4291 + 8*y**3. Calculate s(-18).
-1
Let x be 4/7 + 38/(-7)*203/(-203). Let q(t) = -2*t**2 + 14*t - 29. Determine q(x).
-17
Let k be 18 + ((-475)/(-285))/(20/(-228)). Let g(b) = -2*b + 0*b**2 - b**3 + b - 2*b**2. Give g(k).
0
Let n = -390 - -394. Suppose -9*y + 95 = -n. Let h(m) = -m**3 + 11*m**2 + 6. Determine h(y).
6
Let m(d) = -1756*d**2 + 18*d + 864*d**2 + 40 + 4*d**3 + 871*d**2 - 3*d**3. Calculate m(20).
0
Let x(t) = -t**3 + 2*t**2 + 4*t - 6. Let o be (-34)/119 - 9/(-7) - -1. Determine x(o).
2
Let i(h) = 22*h**3 + 12*h**2 + 16*h - 25. Let j(b) = 56*b**3 + 24*b**2 + 31*b - 49. Let t(o) = 5*i(o) - 2*j(o). What is t(7)?
1
Let a(t) = 3*t. Let m be 201/39 - (-5)/((-195)/6). Suppose m*n = -z + 6*z, -2*n - z + 15 = 0. Suppose n*j = -3*i - 35, -j - 27 = 3*i + 2*j. Determine a(i).
-15
Let g(b) be the first derivative of b**4/2 + 109*b**3/3 + 30*b**2 + 318*b - 12786. What is g(-54)?
-6
Let i(d) be the third derivative of d**5/15 + d**4/24 - 61*d**3/3 - 2*d**2 + 3. Let c(f) be the first derivative of i(f). Let j = 1 + -2. What is c(j)?
-7
Suppose -60 = -26*c + 11*c. Let g(i) = 9*i**2 - 12*i + 2. Let s be 146/(-30) + 13/15 + -1. Let u(t) = 13*t**2 - 18*t + 3. Let n(w) = s*u(w) + 7*g(w). Give n(c).
-9
Let i(c) = 2 - c - 1 + 2. Suppose 0 = -240*w - 18*w + 1473 + 75. Calculate i(w).
-3
Let x(t) be the second derivative of t**4/12 - t**3/6 + t**2 + 6*t. Suppose 14*n - 144 = 8*n. Suppose 0 = 19*v - n*v. What is x(v)?
2
Let q be 4 + (-6)/(-1) + -9. Let t(b) = -19*b**2 - 2*b + 1. Calculate t(q).
-20
Suppose 0 = 2*c + 2*c - 12. Let b(j) = 1 - 2*j + 3*j + c*j - j. Suppose 131 = 19*i + 74. Calculate b(i).
10
Let h(k) = -103*k + 13. Let z(t) = 69*t - 9. Let i(l) = -5*h(l) - 8*z(l). Determine i(0).
7
Suppose 80 = 3*k - 4*x, 0 = 2*k - k + 4*x - 16. Suppose 9*z - 5*z + k = 0. Let y = -6 - z. Let t(f) = f - 4. What is t(y)?
-4
Let z(y) be the first derivative of -5/2*y**2 - 100 + 0*y. Calculate z(2).
-10
Let p(q) = -q**2 + 10*q + 41. Let v be p(13). Let y(h) = -10*h + 20*h - h**v - 11*h + 9. What is y(0)?
9
Let g be ((-36)/24 - 1/(-2))*-3. Suppose -3*t + 3*v + 24 = -v, g*v = 3*t - 27. Let h(q) = -13*q**2 + 0*q**2 + t*q**2 - 16 + 13*q. Calculate h(11).
6
Suppose n = 3*f - 20, 5*f - 32 = -n - 4. Let z(a) be the third derivative of a**5/30 - 11*a**4/24 + a**3/3 + 1335*a**2. What is z(f)?
8
Let d(r) = -r**3 - 6*r**2 - 5*r + 4. Let s be (-80)/(-15)*(6/4 + 0). Let c(a) = a**2 - 3*a - 45. Let w be c(s). Determine d(w).
4
Suppose i + 8 = -i - 4*j, -5*j + 23 = -3*i. Let q(u) be the first derivative of -u**3/3 - 7*u**2/2 - 6*u - 1004. Calculate q(i).
0
Let k(a) = -2*a - 1. Let q(p) = 2*p**2 + p - 42. Let n be q(5). Suppose -3*o - u + 0 - 5 = 0, n = -3*o - 5*u. Determine k(o).
1
Let k be 225/18 + 2/4. Let z(l) be the third derivative of l**4/24 - l**3 + 339*l**2. Determine z(k).
7
Let y be (1 - -2)*(-4)/(3*-4). Let i be (-7 - -9) + (y - (-4)/(-1)). Let a be i/4 + 75/(-20) + -2. Let p(n) = -n**3 - 5*n**2 + 7*n - 6. Determine p(a).
-12
Let p be (-15)/(-6) + -6*(-6)/24. Let m = 15 - 11. Let i(o) = -p*o + 5*o + m*o. Give i(2).
10
Let u(r) = -2*r - 15. Let m be u(-13). Suppose m*o - 462 = 4*o. Let t = o - 71. Let p(v) = -2*v - 4. Determine p(t).
6
Let k(l) = 2*l**3 + 2*l**2 + l + 1. Let z(h) = 9*h**3 + 12*h**2 + 10. Let q(a) = 4*k(a) - z(a). What is q(-4)?
-22
Let z be (-12)/(-10)*(-75)/(-30). Suppose -z*k - 5*v = -22 - 26, 0 = -2*k + 2*v + 16. Let n(j) = -j**2 + 12*j - 1. Give n(k).
10
Let u(g) = 5*g**3 + 107*g**2 + 9*g - 32. Let f(i) = i**3 + 23*i**2 + 2*i - 8. Let x(k) = 9*f(k) - 2*u(k). Give x(-7).
-8
Suppose -4*l - 14*v + 13*v = -4, -4*l = 4*v + 8. Let y(i) = -4*i**2 + 2*i + 4*i**2 - i**2 + 3*i**l - 3*i**2 + 4. Determine y(-6).
-44
Let n(i) = 9*i**2 + 104*i - 25. Let p be n(-12). Let q(z) = -z**2 + 28*z - 126. Determ